0111110000011
19c6c (base 14) to base 8
200030
7c763 (base 13) to base 2
110111100011100011
Convert 7a504 (base 11) to base 2.
11100011010110110
3114233404 (base 5) to base 6
345054021
What is -3101132 (base 4) in base 12?
-7912
What is 101100110000010100100001 (base 2) in base 4?
230300110201
Convert -11110101001111000 (base 2) to base 8.
-365170
-526512 (base 7) to base 15
-1c019
Convert 222002210012 (base 3) to base 15.
a2378
Convert 67975 (base 13) to base 16.
2dfca
Convert -caf (base 16) to base 5.
-100442
What is -4131 (base 12) in base 7?
-26452
-4b555 (base 12) to base 8
-310521
What is -255442 (base 13) in base 15?
-12ac21
Convert 30275644 (base 8) to base 6.
344533020
What is -77b43 (base 12) in base 6?
-3223323
What is 1000111010011010110100 (base 2) in base 11?
1356443
643277 (base 8) to base 9
356476
Convert d9309 (base 14) to base 15.
a5701
What is -123202 (base 10) in base 16?
-1e142
Convert -3c61b (base 16) to base 4.
-330120123
Convert 133671 (base 9) to base 16.
13e3d
What is 100101101011000000 (base 2) in base 11?
a5a27
50301031 (base 6) to base 9
2608281
Convert -5002542 (base 6) to base 5.
-24441133
What is 384576 (base 9) in base 10?
233025
-122112022200021 (base 3) to base 6
-531403224
What is 3103032120 (base 5) in base 14?
b9d7d1
Convert bc3b (base 15) to base 4.
21233021
What is -1346e3 (base 15) in base 13?
-26581b
-322466 (base 8) to base 10
-107830
Convert 13d89e6 (base 15) to base 6.
1231411300
-1032334411 (base 5) to base 10
-2230606
What is 4a2b32 (base 13) in base 11?
1004164
Convert 21c2 (base 13) to base 5.
122341
10213120 (base 7) to base 3
1121201120221
Convert -246646 (base 10) to base 16.
-3c376
Convert 100111100010100010010101 (base 2) to base 13.
21bbaa8
Convert 536654 (base 8) to base 2.
101011110110101100
What is -14274 (base 11) in base 13?
-9308
77634604 (base 8) to base 4
333303212010
What is 4157265 (base 9) in base 10?
2222942
What is -21a3328 (base 14) in base 2?
-111100111111110010011000
Convert -3e2589 (base 16) to base 3.
-21122220212222
What is -434086 (base 9) in base 16?
-3f339
What is -2b68f1 (base 16) in base 14?
-540ac1
-2e15 (base 16) to base 12
-69b1
What is 2f85e6 (base 16) in base 9?
5766222
5661576 (base 9) to base 13
82b276
1a997 (base 15) to base 16
1520e
461706 (base 8) to base 16
263c6
-211201113 (base 4) to base 16
-25857
What is 1024633 (base 7) in base 9?
208254
-b2b24 (base 13) to base 2
-1001110001111000110
Convert -7071931 (base 11) to base 14.
-1937764
What is d10ea (base 15) in base 10?
661720
What is -21210102221122 (base 3) in base 15?
-56c47b
Convert 5232615 (base 7) to base 9.
1160240
3151724 (base 9) to base 7
20225545
What is 103112333 (base 4) in base 6?
1411035
-1235104 (base 8) to base 15
-6b79b
What is -782720 (base 9) in base 10?
-467874
-337a1 (base 15) to base 11
-102012
What is 1110100000010101 (base 2) in base 16?
e815
Convert 265427 (base 12) to base 2.
10011010001000011111
5dbf5 (base 16) to base 12
166271
What is -1220342333 (base 5) in base 2?
-1011000100101100111011
Convert 23110320122 (base 4) to base 15.
3d9b0e
Convert -31244410 (base 5) to base 7.
-2130065
Convert 4243253 (base 6) to base 3.
101120110220
What is -aa186e (base 16) in base 5?
-10323203444
What is e9f1 (base 16) in base 2?
1110100111110001
Convert -14647 (base 8) to base 2.
-1100110100111
10001010011100010101001 (base 2) to base 14
86134d
Convert 3722fe (base 16) to base 4.
31302023332
Convert 63c05 (base 14) to base 4.
322312331
What is 30b014 (base 16) in base 4?
30023000110
8ba10 (base 12) to base 13
66a86
1d12c (base 16) to base 10
119084
Convert -4233020 (base 6) to base 9.
-344513
Convert -40332301 (base 5) to base 3.
-121110112211
What is -64432b (base 12) in base 11?
-991628
11001011110010110000010 (base 2) to base 11
385121a
What is -35692c (base 13) in base 14?
-2514c1
Convert -152525002 (base 7) to base 15.
-d69a7d
Convert -13613056 (base 8) to base 15.
-40e4ea
Convert -752846 (base 11) to base 2.
-100100110000000010010
What is 40095 (base 10) in base 8?
116237
Convert -136b04 (base 15) to base 2.
-11100100000001011011
Convert -261517 (base 8) to base 13.
-3252b
1000000100000010 (base 2) to base 9
50265
24220402 (base 6) to base 5
143433121
What is -1555c (base 13) in base 2?
-1001111000010100
1010121002 (base 3) to base 5
1203204
Convert 1a9159 (base 13) to base 10.
676919
What is 535520 (base 7) in base 13?
33572
Convert 22132230210 (base 4) to base 15.
393e9c
Convert -a78554 (base 12) to base 8.
-12064020
Convert 10021100122120 (base 3) to base 16.
1a8983
What is -c2ac (base 13) in base 8?
-64334
Convert -37529 (base 11) to base 14.
-158c4
Convert 1010101110110101101001 (base 2) to base 8.
12566551
What is 1232320222 (base 4) in base 3?
212002000201
Convert -12e4177 (base 15) to base 16.
-d001da
Convert -100101011010000110 (base 2) to base 6.
-3141210
What is -317142 (base 8) in base 5?
-11343312
What is -34531507 (base 9) in base 7?
-262501411
What is -239a9e (base 15) in base 14?
-324ab5
Convert 3019994 (base 12) to base 15.
bca59d
100010010100001011 (base 2) to base 13
4bc8c
What is 23322104 (base 5) in base 16?
3440d
124003241 (base 5) to base 2
10010100111000011101
What is -36b8a (base 13) in base 8?
-304746
Convert -cb3a4 (base 13) to base 7.
-3060355
What is -49c18 (base 13) in base 12?
-668aa
What is 2cef9 (base 16) in base 6?
3540041
What is -e6f50 (base 16) in base 8?
-3467520
Convert 10011100110011001101101 (base 2) to base 5.
2303404104
-7476601 (base 8) to base 10
-1998209
What is -98cbd (base 15) in base 3?
-220122222121
Convert -6594514 (base 11) to base 14.
-1773474
22401101 (base 5) to base 15
3e486
What is ac90 (base 14) in base 10?
29918
-86a085 (base 12) to base 3
-11000100011202
-400423110 (base 5) to base 11
-987623
10140220 (base 6) to base 7
2330112
Convert -4252630 (base 10) to base 13.
-b5b865
What is 2463828 (base 9) in base 15?
1b7655
18a9881 (base 13) to base 2
11110111010100000111001
Convert -451783 (base 9) to base 4.
-1002000210
What is 11243324 (base 5) in base 8?
311064
What is -66685a (base 13) in base 9?
-4478015
20bd (base 14) to base 8
13027
Convert -482a41 (base 11) to base 13.
-20a414
What is -1560543 (base 9) in base 10?
-866496
Convert 1a802 (base 12) to base 16.
9902
Convert 851644 (base 11) to base 7.
14406566
33321601 (base 7) to base 11
1697400
Convert -19357 (base 12) to base 14.
-d599
1000011000100101 (base 2) to base 12
17a59
What is 28cd27 (base 15) in base 16?
1e046c
Convert 2102220122 (base 3) to base 5.
3014200
Convert 1390250 (base 10) to base 16.
1536aa
What is 112454005 (base 6) in base 16?
1fe935
Convert 183703 (base 10) to base 5.
21334303
What is -397040 (base 10) in base 12?
-171928
Convert 501064 (base 8) to base 13.
59aa6
-241001 (base 6) to base 11
-14819
Convert 2117a37 (base 12) to base 5.
3100130430
What is 100011201001121 (base 3) in base 5?
2222004340
-1ddcd6 (base 15) to base 12
-5a7470
Convert 100444 (base 9) to base 10.
59413
What is -3102204 (base 5) in base 16?
-c480
55125 (base 12) to base 11
77577
-26246a (base 11) to base 2
-1100100110111110010
Convert -4815b (base 13) to base 8.
-401741
What is -22112203232 (base 4) in base 11?
-1593a46
What is -21bb9 (base 16) in base 12?
-67b61
Convert -28a2681 (base 13) to base 16.
-c5118d
Convert 24146666 (base 7) to base 8.
10140275
What is 35766 (base 11) in base 4?
30210221
What is 20214103 (base 5) in base 8?
477505
What is 21212303 (base 4) in base 9?
58868
-3c8c1b (base 15) to base 2
-1011000111110000010111
Convert 233311132 (base 4) to base 10.
195934
Convert 1314566 (base 8) to base 5.
43220331
Convert -126671 (base 8) to base 12.
-218a1
Convert -321303122 (base 4) to base 8.
-716332
Convert 21221 (base 9) to base 13.
6505
Convert -22abb0 (base 13) to base 4.
-3021012000
What is -1301122031 (base 5) in base 8?
-13777062
What is -1772512 (base 10) in base 12?
-715914
What is 22794 (base 10) in base 15?
6b49
87815b (base 12) to base 10
2149847
What is 3e01f1 (base 16) in base 14?
77ad45
110011110110011101001 (base 2) to base 4
12132303221
222201213 (base 4) to base 13
61389
2022222202022 (base 3) to base 6
42324012
Convert 11121967 (base 10) to base 15.
e9a5e7
1001403440 (base 5) to base 11
1133a07
Convert -33312232123 (base 4) to base 5.
-203100